 = k + -41. Calculate w(c).
-7
Let q be 64/(-10) - 4/(-10). Suppose 9 + 1 = 5*z. Let m(p) = p + 7*p**2 + p + 0*p**3 + p**3 + 6 - p**z. Determine m(q).
-6
Let r(g) = -3*g - 20. Let z be r(-8). Let h(w) = 4*w**3 - 3*w**2 + 4*w - 2. Let o(s) = 3*s**3 - 2*s**2 + 3*s - 2. Let x(t) = z*h(t) - 5*o(t). Give x(2).
4
Let u(l) = -3*l + 1. Let r(o) = 21*o - 17. Let q(t) = r(t) + 6*u(t). What is q(5)?
4
Let f(q) = 5*q**2 - 2*q + 1. Let d(r) = -13*r**2 + 7*r - 2. Let p(i) = i**2 - i. Let x(c) = d(c) + 2*p(c). Let z(o) = -9*f(o) - 4*x(o). Determine z(-6).
-25
Let j(a) = a - 35 - 7*a + 36. Suppose z - 4 = -2. Determine j(z).
-11
Let b(n) = n**3 + n + 1. Suppose 4*f = 5*v + 144, 5*v + f + 110 = -54. Let g = -34 - v. Give b(g).
-9
Let q(p) = p**3 - 7*p**2 - 8*p + 5. Let i = 11 + 16. Let v = i + -19. Calculate q(v).
5
Let c(h) = -2*h - 63. Let w be c(-28). Let a(z) = 2*z + 16. Calculate a(w).
2
Let z be -5*((-161)/(-35) + -4). Let x(t) = 3*t + 0*t + 1 - 4. Calculate x(z).
-12
Let w(n) = n - 5. Let g be 2/7 + 632/(-7). Let s be ((-1)/3)/(5/g). Determine w(s).
1
Let l(j) = -3*j**2 + 3*j - 1. Suppose -5*b - 31 = -3*p, 2*p - p + 5*b = -23. Suppose -4*v + 2 = 3*y, 0 = -2*y + y - p. Calculate l(v).
-7
Let p be 4 + (-5 - -3) + 1. Let i(d) = -d**2 + 10*d - 9. Let o be i(9). Suppose p*t - 8 - 4 = o. Let w(q) = q**3 - 4*q**2 - q - 4. What is w(t)?
-8
Let p(d) = 4*d**3 + d**2 - d. Let k be p(1). Let b(f) be the first derivative of f**4/4 - 4*f**3/3 - f**2/2 - 13. Calculate b(k).
-4
Suppose -p - p = -22. Let b(a) = -12*a + a**3 + 0*a - 4*a**2 + 2 + 22*a - p*a. Determine b(4).
-2
Let o(r) = 4*r**2 + 19*r + 4. Let d be o(-5). Let j(p) = -p - 6. What is j(d)?
-15
Let d(n) = -2*n - 6. Let y(c) be the first derivative of c**2 + 5*c + 12. Let a(v) = 3*d(v) + 2*y(v). Determine a(-7).
6
Suppose 5*v - 3*v = 0. Let i be -5 + 4 + v + -1. Let u(j) = -2 + 2*j**2 + 2 + 3*j. Give u(i).
2
Let h(g) be the third derivative of 0 - 34*g**2 + 1/60*g**5 - 1/4*g**4 + 0*g - 2/3*g**3. Calculate h(6).
-4
Suppose 3*d - 9 = 2*d. Let u be ((-8)/6)/(6/d). Let o(z) = z**3 + 2*z**2 - 2*z - 2. Determine o(u).
2
Let d(a) = -8*a + 1539 - 763 - 773. Suppose 27 = 2*p + 7*p. Give d(p).
-21
Let p(u) = 0 + 1 - 1 - 23 - 2 + 3*u. Give p(9).
2
Suppose 0 = 2*t - 8*t + 66. Let m = -7 + t. Let l(c) = -3*c**3 + 5*c**2 - 15. Let n(k) = -2*k**3 + 3*k**2 - 10. Let h(f) = -5*l(f) + 7*n(f). What is h(m)?
5
Suppose 9*g = 6*g - 84. Let f be 2/((g/(-12))/7). Let o(j) be the third derivative of -j**6/120 + 7*j**5/60 - j**4/6 - 4*j**3/3 - 4*j**2. Calculate o(f).
4
Let m(i) be the first derivative of i**4/4 + 7*i**3/3 + 3*i**2/2 - 7*i + 172. Let a be 15/(-5) - (-1 + 4). Determine m(a).
11
Let o(m) = -m + 13. Let t be o(7). Let n(p) = -14*p**2 + 6. Let x(r) = -5*r**2 + 2. Let k(a) = t*n(a) - 17*x(a). Determine k(2).
6
Let k(j) = -98*j**3 - 12 + 97*j**3 + 3*j - 10*j**2 + 18*j**2. Suppose -5*o - 1 = -2*g, 3*g - 7*g + 29 = -o. Calculate k(g).
12
Let b(y) be the first derivative of y**3/3 + 5*y**2/2 - 546. Give b(-5).
0
Let t(h) = 3*h - 46. Let w be (12/27)/((-30)/(-945)). Determine t(w).
-4
Let d(v) be the first derivative of v**4/4 + 4*v**3/3 + 5*v + 33. What is d(-4)?
5
Let t(j) = -j**2 - 7*j + 4. Let w(k) = -k**2 - 7*k + 3. Let l(o) = -3*t(o) + 4*w(o). Let f(y) = -22*y + 567. Let u be f(26). Determine l(u).
10
Let m(z) = 3 - 10*z - 6*z + 27*z - 10*z. What is m(3)?
6
Let r = 28 + -33. Let g(f) = 6*f**2 - 7*f + 11*f + 2*f - f + 6 + f**3. What is g(r)?
6
Let x(g) = g + 8. Let a be x(-6). Let c(k) = -2 + 1 + 3*k**a + k + 3*k**2 - k**2. Suppose 4*m + 3*z = 19, 0 = -2*m - 5*z - 1 + 28. Determine c(m).
5
Let b(y) be the second derivative of y**3/6 - y**2 - 182*y + 1. Give b(1).
-1
Let d(v) be the first derivative of v**4/4 - 2*v**3 + 3*v**2/2 - v - 6. Let z be d(4). Let y = z + 22. Let n(i) = 10*i**2 - i + 1. Determine n(y).
10
Let a(t) = t**2 + 5*t - 3. Let j be 1*17 - (3 - 2). Let k = -11 + 14. Suppose -k*m - j = m. What is a(m)?
-7
Let x(d) = -5*d + 14. Suppose 4*k - 57 = -5. Let f(l) = 11*l - 29. Let c(a) = k*x(a) + 6*f(a). Calculate c(-4).
4
Let n(i) = -i**3 + 4*i**2 + 2*i - 4. Let r(m) = -m**2. Let v(z) = -n(z) - r(z). Suppose 4*p - 79 = -5*b - 42, 0 = 2*p - 3*b + 9. What is v(p)?
-2
Let b = -27 - -28. Let a(h) = -b + 5 + h + 2 - 10. Calculate a(4).
0
Suppose -3*t = 20 - 2. Let y(j) = -2 + 2 - j + 6*j + j**2 + 6. What is y(t)?
12
Let p(y) be the third derivative of -1 - 5*y**2 - 1/8*y**4 + 0*y + 1/2*y**3 - 1/60*y**5 + 1/120*y**6. Calculate p(3).
12
Let i(f) = -f**3 - f**2 + f - 1. Let x(z) = 4*z + 3*z - 7*z + 4*z**2 + 2*z + 5. Let m(d) = -i(d) - x(d). Calculate m(3).
-13
Let t(l) = -7*l + 1. Suppose 0 = -14*b - 365 + 407. What is t(b)?
-20
Let i(t) be the second derivative of 2*t**3/3 + 3*t**2/2 + 163*t + 3. Give i(-5).
-17
Let c be -3 + 3 + 1 - -2. Let n(d) = -4*d**2 + 5 + 5*d + d**2 + c + 0*d**2. Let o(g) = -g**2 + 3*g + 4. Let i(r) = -2*n(r) + 5*o(r). Determine i(-3).
-2
Suppose o + 2*o + 12 = 0. Let c(s) be the third derivative of -s**4/12 - s**3/2 - s**2 + 286*s. Give c(o).
5
Let w(q) = 8*q**3 + 3*q**2 + q - 2. Suppose -5*c + 5*u - 20 = 0, -2*c - 12 + 0 = -4*u. Calculate w(c).
-56
Let c(w) = 3*w**3 - w**2 - 7*w + 6. Let g be c(2). Let r(a) = -a**2 + 11*a + 8. Give r(g).
-4
Let u(l) = -l - 3. Let c be u(-1). Let h(y) be the first derivative of -y**4/4 - 4*y**3/3 - 2*y + 2. Determine h(c).
-10
Let x = -106 + 103. Let r(h) = -h**3 - 2*h**2 - h - 1. What is r(x)?
11
Suppose -5*l + 41 = 11. Let j(u) = -l*u + 2*u**2 + 5 + 7*u + 5*u. Calculate j(-4).
13
Let z(l) = 752*l + 3*l**3 + 4*l**2 - 754*l + l**2 - 6 - 2*l**3. Suppose 2*o = -5*w - o - 16, 0 = -2*w - 5*o + 5. Give z(w).
4
Let h(v) = 2*v + 7. Let m(j) = -4*j + 2. Let b(n) = -4*h(n) - 3*m(n). Determine b(9).
2
Let g(z) = -54 + 10*z - 5*z - 47 + 85. Give g(6).
14
Let j(a) = -26 + 8 + 8 + 2*a + 18. Determine j(-4).
0
Let d(j) = -j - 2. Let t(h) = 2*h**2 + 7*h + 3. Let y(i) = 3*d(i) + t(i). Determine y(3).
27
Let b(u) = -5 - 46*u + 48*u + 0. Let h = 4 + -6. Let o be 5/(-1)*(1 + h). Give b(o).
5
Let b(q) be the first derivative of -1/360*q**6 - 1/12*q**4 + 0*q + 1/20*q**5 + 0*q**2 - 8 + 14/3*q**3. Let u(n) be the third derivative of b(n). Give u(7).
-9
Let r(g) = 27*g**3 - 15*g**2 - 31*g - 46. Let y(q) = -5*q**3 + 3*q**2 + 6*q + 9. Let j(n) = -2*r(n) - 11*y(n). Give j(5).
23
Let c = -618 - -616. Let s(o) = -3*o**2 + 3*o + 4. What is s(c)?
-14
Suppose 9 = -3*g - 3*k, -1 + 3 = -4*g - 2*k. Let b be -1*(3 + (-12 - g)). Let s(q) = -q**2 + q**3 + 3 - 2*q**2 + 10*q - b*q. What is s(3)?
0
Suppose 2*c = -c. Suppose c*s + 5 = s. Let i(f) = 0 + f**2 + f**2 + s*f - 3. Determine i(-4).
9
Let q(c) be the second derivative of 0 - 8*c - 1/20*c**5 - 1/2*c**2 - 1/2*c**3 + 1/2*c**4. What is q(5)?
9
Suppose -7*u = -4*u - 51. Let q = -5 + u. Let h(b) = 6 - q - 3*b + 5. Calculate h(-3).
8
Let g(p) = -3*p + 7. Let l = 12 + -9. Determine g(l).
-2
Suppose -4*r = -7*r + a + 41, 72 = 5*r + 2*a. Let n(h) = h**2 - 15*h - 3. Give n(r).
-17
Let l(d) = 10*d**3 - d - 1. Let a = 52 - 50. Suppose 0 = y - 5*g - 19, a*g + 12 = -0*y - 4*y. Calculate l(y).
-10
Let y(o) = -o**2 + 2*o. Let l(h) = -2*h**3 - 2*h**2 - 2*h + 4. Let k be l(1). Calculate y(k).
-8
Let h = 31 + -28. Let g be h*(-10)/45*6/(-4). Let r(a) = 13*a**3 - a. What is r(g)?
12
Let h(d) = -d + 4. Let p(o) = 2*o - 9. Let n(b) = 3*b**2 - 4*b + 3. Let w be n(1). Let j(x) = w*p(x) + 5*h(x). What is j(2)?
0
Let j(w) be the third derivative of -w**4/12 + w**3/6 - 3*w**2. Determine j(-3).
7
Let b(p) be the third derivative of p**5/30 + p**4/6 + 2*p**3/3 - 28*p**2 - 2. Let x = 1 + -1. Suppose -5*r + 3*v + 5 - 35 = x, -3*v + 18 = -r. Give b(r).
10
Let f(q) = -2*q - 1. Let c(r) = 7*r - 7. Let t(k) = c(k) + 4*f(k). Calculate t(-9).
-2
Let m be 1 + -2 - (28 + -30). Let k(c) = 2*c**2 + c - 1. What is k(m)?
2
Let w(h) be the second derivative of 4*h - 1/6*h**3 + 0 + 3/2*h**2. Give w(5).
-2
Let s(u) = 13*u**3 + 2*u**2 - 36. Let d(x) = 7*x**3 + x**2 - 19. Let f(g) = 11*d(g) - 6*s(g). What is f(0)?
7
Suppose 4*l = 2*v + 28, 2*v = 3*l - 4*l - 3. Let w(s) = 196 + l*s - 191 + 5*s**2 + 3*s**3 + 0*s - 2*s**3. Give w(-4).
1
Let u(j) be the second derivative of 11*j**4/6 + j**2/2 - 144*j. What is u(1)?
23
Let y(c) = 79*c + c**3 + 106*c + 9*c**2 - 196*c + 12. Determine y(-10).
22
